oes 285 divide 114000?
True
Is 7 a factor of 4054?
False
Is 11 a factor of 2156?
True
Is 95 a factor of 2660?
True
Is 14 a factor of 2798?
False
Does 205 divide 113980?
True
Does 7 divide 1972?
False
Is 222 a multiple of 6?
True
Does 23 divide 849?
False
Is 7 a factor of 48433?
True
Is 2088 a multiple of 116?
True
Does 82 divide 35998?
True
Does 32 divide 29664?
True
Is 11 a factor of 2680?
False
Does 72 divide 5760?
True
Is 888 a multiple of 31?
False
Does 2 divide 146?
True
Is 7159 a multiple of 56?
False
Is 3 a multiple of 3?
True
Is 2464 a multiple of 6?
False
Does 12 divide 2244?
True
Is 41805 a multiple of 24?
False
Does 101 divide 2491?
False
Is 36 a factor of 504?
True
Is 36 a multiple of 12?
True
Does 25 divide 154?
False
Is 9 a factor of 108?
True
Is 504 a multiple of 3?
True
Does 16 divide 1762?
False
Is 2394 a multiple of 21?
True
Is 113560 a multiple of 34?
True
Does 239 divide 9082?
True
Is 25 a factor of 775?
True
Does 35 divide 7210?
True
Is 23861 a multiple of 312?
False
Does 137 divide 3699?
True
Does 19 divide 56916?
False
Is 214 a multiple of 44?
False
Does 35 divide 55641?
False
Is 549 even?
False
Is 929 a multiple of 47?
False
Is 4 a factor of 1312?
True
Is 12 a factor of 1320?
True
Does 4 divide 364?
True
Is 34 a factor of 114?
False
Does 9 divide 5472?
True
Is 18 a factor of 738?
True
Does 23 divide 1694?
False
Is 8636 a multiple of 117?
False
Is 95 a factor of 3375?
False
Is 5584 a multiple of 59?
False
Is 2030 a multiple of 4?
False
Is 1566 a multiple of 18?
True
Does 8 divide 5576?
True
Is 16968 a multiple of 21?
True
Is 90 a multiple of 90?
True
Is 37 a factor of 16909?
True
Is 18 a factor of 62388?
True
Is 783 a multiple of 27?
True
Is 13 a factor of 202?
False
Does 62 divide 2542?
True
Does 217 divide 20236?
False
Does 45 divide 52725?
False
Does 95 divide 3515?
True
Is 58 a factor of 225?
False
Is 283 a factor of 98700?
False
Is 84 a factor of 6804?
True
Is 35 a factor of 391?
False
Is 58 a multiple of 4?
False
Is 16218 a multiple of 6?
True
Is 23 a factor of 20723?
True
Is 8 a factor of 695?
False
Does 6 divide 166?
False
Does 3 divide 6156?
True
Is 10292 a multiple of 62?
True
Does 67 divide 10774?
False
Does 35 divide 350?
True
Does 2 divide 28?
True
Does 7 divide 2793?
True
Is 3 a factor of 903?
True
Is 74 a factor of 2886?
True
Is 50 a factor of 41836?
False
Is 106 a factor of 18020?
True
Does 13 divide 1131?
True
Is 20 a factor of 920?
True
Is 103282 a multiple of 36?
False
Is 43 a factor of 3268?
True
Does 54 divide 1944?
True
Is 4916 a multiple of 5?
False
Is 22128 a multiple of 24?
True
Does 64 divide 1073?
False
Does 5 divide 1821?
False
Is 26013 a multiple of 13?
True
Is 14 a factor of 9590?
True
Is 768 a multiple of 64?
True
Does 12 divide 2792?
False
Does 13 divide 24999?
True
Is 56 a factor of 3034?
False
Does 163 divide 1525?
False
Is 47 a factor of 893?
True
Is 19024 a multiple of 53?
False
Is 10 a factor of 6650?
True
Is 75 a factor of 10950?
True
Is 23 a factor of 389?
False
Does 14 divide 2812?
False
Is 8 a factor of 296?
True
Does 8 divide 4336?
True
Is 8 a factor of 62408?
True
Does 164 divide 820?
True
Is 104 a factor of 520?
True
Does 33 divide 582?
False
Is 4206 a multiple of 9?
False
Does 61 divide 183?
True
Is 42 a multiple of 3?
True
Is 9 a factor of 183?
False
Does 98 divide 13082?
False
Is 23 a factor of 39104?
False
Is 15193 a multiple of 112?
False
Is 13 a factor of 12751?
False
Does 4 divide 8012?
True
Does 4 divide 1598?
False
Is 52 a factor of 2756?
True
Is 28 a factor of 140?
True
Does 8 divide 88?
True
Is 127 a factor of 69628?
False
Is 14 a factor of 608?
False
Is 55 a factor of 220?
True
Is 268 a factor of 8690?
False
Is 12978 a multiple of 42?
True
Is 19 a factor of 1055?
False
Is 3733 a multiple of 89?
False
Is 44842 a multiple of 13?
False
Is 334 a multiple of 11?
False
Is 7 a factor of 3353?
True
Does 110 divide 19519?
False
Is 13 a factor of 815?
False
Does 61 divide 2344?
False
Is 18200 a multiple of 175?
True
Is 17000 a multiple of 10?
True
Is 4 a factor of 244?
True
Does 25 divide 3878?
False
Is 114 a factor of 10540?
False
Is 912 a multiple of 76?
True
Does 78 divide 16068?
True
Does 201 divide 5375?
False
Does 12 divide 3479?
False
Does 31 divide 2232?
True
Is 1892 a multiple of 43?
True
Is 18 a factor of 124703?
False
Is 10 a factor of 840?
True
Is 2620 a multiple of 10?
True
Does 57 divide 14820?
True
Is 608 a multiple of 5?
False
Is 52 a factor of 12792?
True
Is 81 a factor of 14888?
False
Does 18 divide 1098?
True
Is 424 a multiple of 15?
False
Is 9 a factor of 309?
False
Is 94 a factor of 10528?
True
Is 21 a factor of 15015?
True
Does 77 divide 25141?
False
Is 32 a factor of 544?
True
Does 19 divide 10127?
True
Does 46 divide 18446?
True
Is 123 a factor of 60454?
False
Is 27 a factor of 129168?
True
Is 940 a multiple of 3?
False
Does 42 divide 1554?
True
Is 15 a factor of 13196?
False
Does 293 divide 90244?
True
Does 32 divide 8170?
False
Does 6 divide 462?
True
Does 16 divide 371?
False
Does 5 divide 57104?
False
Does 6 divide 8190?
True
Is 6 a factor of 1657?
False
Is 70 a multiple of 60?
False
Is 529 a multiple of 10?
False
Is 7033 a multiple of 13?
True
Is 40 a factor of 1727?
False
Is 43 a factor of 2528?
False
Is 19995 a multiple of 93?
True
Is 1185 a multiple of 15?
True
Is 150 a factor of 9600?
True
Is 5153 a multiple of 35?
False
Is 189 a multiple of 27?
True
Is 618 a multiple of 5?
False
Is 77625 a multiple of 207?
True
Does 100 divide 44800?
True
Is 87 a factor of 2079?
False
Does 25 divide 1949?
False
Is 30279 a multiple of 9?
False
Does 14 divide 2315?
False
Is 5490 a multiple of 6?
True
Is 14040 a multiple of 15?
True
Does 40 divide 31720?
True
Does 138 divide 4190?
False
Is 91669 a multiple of 262?
False
Does 294 divide 30519?
False
Does 14 divide 3468?
False
Is 4104 a multiple of 8?
True
Is 9508 a multiple of 4?
True
Is 6 a factor of 90?
True
Is 1299 a multiple of 3?
True
Is 2106 a multiple of 162?
True
Is 68692 a multiple of 26?
True
Does 88 divide 2481?
False
Is 17642 a multiple of 25?
False
Is 1092 a multiple of 42?
True
Is 29 a factor of 9222?
True
Is 3855 a multiple of 15?
True
Does 35 divide 683?
False
Is 39 a factor of 6279?
True
Is 11821 a multiple of 99?
False
Does 27 divide 2572?
False
Is 7134 a multiple of 29?
True
Is 1296 a multiple of 8?
True
Is 3 a factor of 64?
False
Does 2 divide 447?
False
Is 12822 a multiple of 79?
False
Is 322 a multiple of 6?
False
Is 14598 a multiple of 18?
True
Does 5 divide 38831?
False
Does 98 divide 3332?
True
Is 11 a factor of 2321?
True
Is 64 a multiple of 16?
True
Is 24 a factor of 1131?
False
Does 11 divide 3135?
True
Is 14089 a multiple of 25?
False
Is 660 a multiple of 30?
True
Does 73 divide 3942?
True
Does 10 divide 890?
True
Is 297 a multiple of 11?
True
Is 54872 a multiple of 19?
True
Does 22 divide 902?
True
Is 21 a factor of 18312?
True
Does 48 divide 96?
True
Is 11592 a multiple of 12?
True
Is 21366 a multiple of 9?
True
Is 181866 a multiple of 22?
False
Does 84 divide 2697?
False
Does 56 divide 22792?
True
Does 163 divide 18256?
True
Does 15 divide 28?
False
Is 1984 a multiple of 83?
False
Does 10 divide 990?
True
Is 6317 a multiple of 27?
False
Does 10 divide 11?
False
Does 20 divide 1749?
False
Is 4280 a multiple of 110?
False
Does 9 divide 753?
False
Is 15453 a multiple of 51?
True
Is 39 a factor of 5499?
True
Is 13 a factor of 534?
False
Is 120 a multiple of 7?
False
Is 155 a factor of 42272?
False
Is 142618 a multiple of 9?
False
Is 124 a multiple of 15?
False
Is 10620 a multiple of 20?
True
Does 78 divide 4393?
False
Is 9 a factor of 19?
False
Does 3 divide 1447?
False
Does 228 divide 2508?
True
Is 25 a factor of 9154?
False
Does 31 divide 15794?
False
Is 12 a factor of 1036?
False
Is 132 a factor of 8472?
False
Is 35 a factor of 21610?
False
Does 11 divide 5291?
True
Does 3 divide 132?
True
Is 22 a factor of 41492?
True
Does 33 divide 190872?
True
Is 15 a factor of 75900?
True
Is 415 a multiple of 8?
False
Is 557 a multiple of 8?
False
Is 1155 a multiple of 27?
False
Is 8 a factor of 216?
True
Is 16 a factor of 128?
True
Is 13 a factor of 202?
False
Does 41 divide 615?
True
Does 110 divide 18810?
True
Does 11 divide 651?
False
Is 15060 a multiple of 60?
True
Is 51 a factor of 71